{"id":35,"date":"2025-10-12T09:51:05","date_gmt":"2025-10-12T09:51:05","guid":{"rendered":"https:\/\/malmobilkar.eu\/index.php\/contact\/"},"modified":"2026-01-17T12:00:49","modified_gmt":"2026-01-17T12:00:49","slug":"contact","status":"publish","type":"page","link":"https:\/\/malmobilkar.eu\/index.php\/contact\/","title":{"rendered":"Kontakt"},"content":{"rendered":"\n<p>Kontaktinformation<br><br>Vi f\u00f6rs\u00f6ker svara p\u00e5 mail s\u00e5 fort vi kan, notera att ingen \u00e4r anst\u00e4lld i v\u00e5ran k\u00e5ren utan har vanliga jobb.<\/p>\n\n\n\n<p><br>malmo@bilkaren.se<\/p>\n\n\n\n<p><br>Husie kyrkov\u00e4g 70, 212 38 Malm\u00f6<\/p>\n\n\n\n<div class=\"wp-block-group\"><div class=\"wp-block-group__inner-container is-layout-constrained wp-block-group-is-layout-constrained\">\n<iframe src=\"https:\/\/www.google.com\/maps\/embed?pb=!1m18!1m12!1m3!1d3711.5419288373023!2d13.081963077874025!3d55.58262207302168!2m3!1f0!2f0!3f0!3m2!1i1024!2i768!4f13.1!3m3!1m2!1s0x4653a1e91c9ac5d7%3A0x982f917824d21cb1!2zTWFsbcO2IEJpbGvDpXI!5e1!3m2!1ssv!2sse!4v1768650944614!5m2!1ssv!2sse\" width=\"600\" height=\"450\" style=\"border:0;\" allowfullscreen=\"\" loading=\"lazy\" referrerpolicy=\"no-referrer-when-downgrade\"><\/iframe>\n<\/div><\/div>\n","protected":false},"excerpt":{"rendered":"<p>Kontaktinformation Vi f\u00f6rs\u00f6ker svara p\u00e5 mail s\u00e5 fort vi kan, notera att ingen \u00e4r anst\u00e4lld i v\u00e5ran k\u00e5ren utan har vanliga jobb. malmo@bilkaren.se Husie kyrkov\u00e4g 70, 212 38 Malm\u00f6<\/p>\n","protected":false},"author":1,"featured_media":0,"parent":0,"menu_order":0,"comment_status":"closed","ping_status":"closed","template":"","meta":{"footnotes":""},"class_list":["post-35","page","type-page","status-publish","hentry"],"_links":{"self":[{"href":"https:\/\/malmobilkar.eu\/index.php\/wp-json\/wp\/v2\/pages\/35","targetHints":{"allow":["GET"]}}],"collection":[{"href":"https:\/\/malmobilkar.eu\/index.php\/wp-json\/wp\/v2\/pages"}],"about":[{"href":"https:\/\/malmobilkar.eu\/index.php\/wp-json\/wp\/v2\/types\/page"}],"author":[{"embeddable":true,"href":"https:\/\/malmobilkar.eu\/index.php\/wp-json\/wp\/v2\/users\/1"}],"replies":[{"embeddable":true,"href":"https:\/\/malmobilkar.eu\/index.php\/wp-json\/wp\/v2\/comments?post=35"}],"version-history":[{"count":7,"href":"https:\/\/malmobilkar.eu\/index.php\/wp-json\/wp\/v2\/pages\/35\/revisions"}],"predecessor-version":[{"id":206,"href":"https:\/\/malmobilkar.eu\/index.php\/wp-json\/wp\/v2\/pages\/35\/revisions\/206"}],"wp:attachment":[{"href":"https:\/\/malmobilkar.eu\/index.php\/wp-json\/wp\/v2\/media?parent=35"}],"curies":[{"name":"wp","href":"https:\/\/api.w.org\/{rel}","templated":true}]}}